2*h - 84 = -28*h. Let f = -12 - h. Let t = 31 + -15. What is the remainder when t is divided by f?
7
Let j(k) = k**3 + 40*k**2 - 82*k + 98. Suppose -3*i + 61 = -98. What is the remainder when i is divided by j(-42)?
11
Let d(b) = -b**2 - b - 1. Let o(f) = -f**2 + 23*f + 60. Let v(u) = 2*d(u) - o(u). Calculate the remainder when v(-16) is divided by 17.
14
Calculate the remainder when (-828)/(-5) + 19/((-950)/30) is divided by 14.
11
Suppose -385 = j - 8*j. Let p = j - 40. What is the remainder when 40 is divided by p?
10
Suppose 3*r - 4*o = -2*o + 11, 4*o + 7 = 3*r. Let m = r + 3. Suppose 4*a - a = 81. What is the remainder when a is divided by m?
3
Let v(c) = -c**3 + 2*c**2 + 3*c + 3. Let m = 140 - 75. Let d = m + -17. What is the remainder when d is divided by v(-2)?
9
Let u(f) = -10*f**3 - 8*f**2 - 3*f + 26. What is the remainder when u(-4) is divided by 7?
4
Suppose 0 = -11*f + 28*f - 119. What is the remainder when 454 is divided by f?
6
Let z(y) = y**3 - 6*y**2 + 6*y + 1. Let c be z(5). What is the remainder when (19/2)/((-1)/(-2)) is divided by (17 - c) + ((-2)/(-2))/(-1)?
9
Let t(x) = x**3 + 5*x**2 - 59*x - 6. Calculate the remainder when t(-10) is divided by 34.
16
Let l be (-2)/(-11) + (-60)/(-33). Suppose 7*j - 410 = l*j. Suppose -6*d + 616 = 16*d. Calculate the remainder when j is divided by d.
26
Let h = 2282 - 2165. What is the remainder when h is divided by 107?
10
Let n = -845 + 1022. Calculate the remainder when n is divided by 1/(-1) - 2*-8.
12
Suppose -4*p + 0*p = 2*b, -3*b - 5*p = -1. Suppose 0 = -3*w - b*m + 57, -4*w - m = 2*m - 76. What is the remainder when 56 is divided by w?
18
What is the remainder when (-60)/(-35)*56/3 is divided by 82/6 - (-2)/6?
4
Suppose 4*u + 5*s - 127 = 0, -53 = -u - 6*s + 9*s. Calculate the remainder when 87 is divided by u.
11
Suppose -2019*k = -2027*k + 1312. Let t(n) = 2*n**2 - 8*n. Calculate the remainder when k is divided by t(6).
20
Let w(r) = 2*r - 11. Let p be w(7). Let h(u) = -9*u + 43. Calculate the remainder when (-2)/(-1*(-1)/(-31)) is divided by h(p).
14
Calculate the remainder when 125 + -20*6/(-30) is divided by 44.
41
Suppose 23*u = -2*u + 14825. Calculate the remainder when u is divided by 35.
33
Let a be -3 + 52/16 + (-850)/8. Let n = -102 - a. Calculate the remainder when 29 is divided by n.
1
Suppose 3*y - 6*f = -4*f + 112, 4*f + 152 = 4*y. What is the remainder when 573 is divided by y?
33
Let j = 545 + -397. Calculate the remainder when 305 is divided by j.
9
Let w = 177 + -75. Suppose -2*t + 4 = q, 0 = -3*t - 0*q + 3*q + 6. Suppose -t*n + 0*n + 70 = 0. Calculate the remainder when w is divided by n.
32
Let i(g) = -g**2 + 7*g - 3 - 3*g + 0*g + 5. Let u be i(4). Calculate the remainder when u + 8 - (5 - 2) is divided by 5.
2
Suppose -99 = -3*h - 15. Let t = -4 + h. What is the remainder when 95 is divided by t?
23
Suppose 2*h - 73 = 21. Let y(l) = l - 18. Let t be y(13). Let p(m) = -m**3 - 5*m**2 - 5*m. What is the remainder when h is divided by p(t)?
22
Let a = 2240 - 2224. Calculate the remainder when 429 is divided by a.
13
Let y = -1225 + 1398. Calculate the remainder when y is divided by 22.
19
Let f = 18 - 3. Let r = 25 + -13. Suppose -r + 0 = -3*g. Calculate the remainder when f is divided by g.
3
Let j(v) = -v**2 + 7. Let f be j(-5). Calculate the remainder when 27 is divided by 6/f + (-38)/(-6).
3
Suppose -66 = 15*h - 996. Calculate the remainder when h is divided by 22.
18
Suppose 4*p + 105 = g - 27, g = -3*p + 118. What is the remainder when g is divided by 38?
10
Let p be (-1)/(-1) + (-2 - -25). Suppose 0*n + p = n. What is the remainder when n is divided by (3/(-5))/((-15)/225)?
6
Suppose 13 = -k + 2*r, 5 - 63 = 2*k + 4*r. Let n = k + 107. Suppose 6*q + 3*h - n = 4*q, -5*q - h = -202. What is the remainder when q is divided by 14?
12
Let o = -2 + 18. Let m(q) = q**2 + 5*q - 1. Calculate the remainder when m(-6) is divided by ((-12)/o)/(3/(-8)).
1
Let z be (8/6)/(0 - 4/(-6)). Suppose z*r - 5 = 7. What is the remainder when r is divided by 3?
0
Let x be (-14)/4 + 3 + (-14)/(-4). Suppose -12 = -x*z, -3*z + 13 = 3*k - 20. What is the remainder when 37 is divided by k?
2
Let b be -1 + (-4)/(-16)*4 - -23. Suppose -4*a - 3*k + b = 0, -3*a + 0*k - k = -16. What is the remainder when a is divided by 2?
1
Let a = 64 - 72. Let n = 2 - -5. What is the remainder when ((-16)/(-3))/a*(-117)/6 is divided by n?
6
What is the remainder when 44 is divided by (-710)/(-213)*3/2?
4
Suppose 2*r = -2*h + 4, -3*h + 0*r - 2*r = -6. Let x be (-25 + h)*(-4 - -1). Suppose 163 = 4*g - x. Calculate the remainder when g is divided by 15.
13
Suppose -q + 4*j = -0*q - 10, -q + j = -13. Let w be (-18)/(-5) + q/35. Calculate the remainder when w/(-6) + 32/3 is divided by 6.
4
Suppose -5*z - l = -30 - 68, 0 = z + l - 18. Let i = 69 - -9. Calculate the remainder when i is divided by z.
18
Suppose v - 4*n = n + 58, 4*v - 5*n = 157. What is the remainder when v is divided by 30?
3
Suppose -5*s - 21 = 2*t + 12, 2*s + 10 = 0. What is the remainder when (2 - (-16)/t)*-7 - -2 is divided by 0 + 1 + 0 - -5?
4
Let c be -7*((-3)/7)/((-6)/(-4)). Suppose 144 = c*n - 150. Calculate the remainder when n is divided by 25.
22
Let a(b) = b**2 - 5*b - 177. What is the remainder when 60 is divided by a(-12)?
6
Suppose 2*m - 162 = -44. Let n(i) = i**2 - 3*i + 3. What is the remainder when m is divided by n(-4)?
28
Suppose -14*i - 240 = -22*i. Calculate the remainder when 56 is divided by i.
26
Suppose 0*q + 3*q + 17 = 2*w, 41 = 2*w + 5*q. Let o = w - 8. Calculate the remainder when 7 is divided by o.
2
Suppose 4*l + 50 - 186 = 0. Suppose -a - 4*o + 18 = 0, -2*a = -4*o - 10 + l. What is the remainder when 702/11 - a/11 is divided by 17?
13
Suppose -5*t + 4 + 3 = -2*z, -4*t - 5*z = 1. Calculate the remainder when 16 is divided by t/(2 + -3) - -5.
0
Let b = 88 - 63. Suppose 699 = -3*g + 996. What is the remainder when g is divided by b?
24
Let b = 26 - -13. What is the remainder when (b + -1)*10/10 is divided by 22?
16
Let p(o) be the second derivative of o**4/6 + o**3/6 + o**2/2 + 8*o. Let q be p(3). What is the remainder when 32 is divided by 1*2*q/4?
10
Let t(b) = 14*b - 595. Calculate the remainder when 95 is divided by t(45).
25
Suppose 208 = 4*q - 4*x, -x = -2*q - 30 + 133. Suppose o = 2*w + 15, -w = -5*o + 4*o + 17. Calculate the remainder when q is divided by o.
13
Let j(w) = w - 5. Suppose 2*o = -3*y + 28, -2 - 3 = -o. Let p be j(y). Suppose 69 = 2*r + p. What is the remainder when r is divided by 18?
16
Suppose 2*a = 4*x - 3*a - 29, 2*x = -5*a - 23. Suppose -50 = -0*c - 2*c. Calculate the remainder when 50 is divided by x/2 - c/(-2).
11
Suppose -z + 4*z - 30 = 0. Let d(k) = 3*k**2 + 4*k - 30. Calculate the remainder when d(-5) is divided by z.
5
Let s be (-13)/(-3) + 16/24. Calculate the remainder when (-224)/(-10) - 6/15 is divided by (-25)/s + 4 - -9.
6
Let i(b) = 36*b - 312. What is the remainder when 46 is divided by i(9)?
10
Suppose 60*a = 5144 + 17356. What is the remainder when a is divided by 36?
15
Suppose 7*l + 20 = 419. Let j = -7 - 29. Let q = j + 51. What is the remainder when l is divided by q?
12
Suppose 36 = 135*h - 252*h + 126*h. Let c = 16 - -8. Suppose -c = -4*y + 4*w, w = -4*y - y + 36. What is the remainder when y is divided by h?
3
Let x = 35 + -32. Calculate the remainder when x + (-30)/9 - (-372)/9 is divided by 7.
6
Let v = 1 - -1. Let a be (-2)/(-6)*(-2 + 2 + 0). Suppose 2*u = -3*n - a*n + 68, 0 = -3*u + v*n + 115. What is the remainder when u is divided by 10?
7
Suppose -2*a + 254 = -2*s, 4*a - 487 = 5*s + 17. Suppose 0*n = 13*n - 33*n + 880. Calculate the remainder when a is divided by n.
43
Let p = -56 + 2. Let r = -34 - p. Suppose 0 = 2*f - 3*k, -4*f - 4*k + 0*k + r = 0. What is the remainder when f is divided by 1?
0
Let j = -24 - -24. Let v be j*(2 - 6)/(-8). Let b(c) = c + 26. Calculate the remainder when 75 is divided by b(v).
23
Let s(u) = 6*u - 4*u**2 + 3 - u**3 + 2 - 2*u**2. Calculate the remainder when 20 is divided by s(-7).
8
Suppose 44 + 6 = 2*t. Let p(q) = -q**3 - 3*q**2 - 2*q + 3. Let m be 4*15/(-40)*2/1. Calculate the remainder when t is divided by p(m).
7
Let i = 2 + 1. Suppose i*p - 2 = 10. Suppose -29 = -4*f + j, -p*f - j = 4*j - 23. Calculate the remainder wh